{"id":196,"date":"2014-07-28T14:20:40","date_gmt":"2014-07-28T14:20:40","guid":{"rendered":"http:\/\/wp.taunus-schule.de\/?page_id=196"},"modified":"2014-07-28T14:21:06","modified_gmt":"2014-07-28T14:21:06","slug":"50-jahre-taunus-schule","status":"publish","type":"page","link":"https:\/\/wp.taunus-schule.de\/?page_id=196","title":{"rendered":"50 Jahre Taunus-Schule"},"content":{"rendered":"<p><a href=\"https:\/\/wp.taunus-schule.de\/wp-content\/uploads\/2014\/07\/550fcd6089.jpg\"><img loading=\"lazy\" decoding=\"async\" class=\"aligncenter size-medium wp-image-197\" src=\"https:\/\/wp.taunus-schule.de\/wp-content\/uploads\/2014\/07\/550fcd6089-300x124.jpg\" alt=\"550fcd6089\" width=\"300\" height=\"124\" srcset=\"https:\/\/wp.taunus-schule.de\/wp-content\/uploads\/2014\/07\/550fcd6089-300x124.jpg 300w, https:\/\/wp.taunus-schule.de\/wp-content\/uploads\/2014\/07\/550fcd6089-100x41.jpg 100w, https:\/\/wp.taunus-schule.de\/wp-content\/uploads\/2014\/07\/550fcd6089-150x62.jpg 150w, https:\/\/wp.taunus-schule.de\/wp-content\/uploads\/2014\/07\/550fcd6089-200x83.jpg 200w, https:\/\/wp.taunus-schule.de\/wp-content\/uploads\/2014\/07\/550fcd6089-450x187.jpg 450w, https:\/\/wp.taunus-schule.de\/wp-content\/uploads\/2014\/07\/550fcd6089-600x249.jpg 600w, https:\/\/wp.taunus-schule.de\/wp-content\/uploads\/2014\/07\/550fcd6089.jpg 800w\" sizes=\"auto, (max-width: 300px) 100vw, 300px\" \/><\/a><br \/>\n1964 richtete der Sonderschullehrer Otto Tresch an der Volksschule Nast\u00e4tten eine Sonderschulklasse ein, und schon 1970 gab es in der Blauf\u00e4rberstadt eine selbst\u00e4ndige &#8222;Sonderschule L&#8220; mit vier Klassen und \u00fcber 60 Sch\u00fclern. Auf 50 ereignisreiche und wechselvolle Jahre kann die &#8222;Taunus-Schule&#8220; nun zur\u00fcckblicken. Zur Geburtstagsfeier begr\u00fc\u00dfte F\u00f6rderschulrektorin Stefanie Grabowski neben Sch\u00fclern, Kollegium und Eltern auch zahlreiche G\u00e4ste, unter ihnen die Leiter der benachbarten Schulen und der F\u00f6rderschulen des Kreises, ihren Vorg\u00e4nger Friedhelm Graef, die pensionierte Kollegin Sybille Klamp und den Elternbeiratsvorsitzenden Kortus. In einem kurzen R\u00fcckblick wurde deutlich, mit welchen Raumschwierigkeiten und st\u00e4ndig schwankenden Sch\u00fclerzahlen die Schule zu k\u00e4mpfen hatte. Erst 1984 konnte sie mit vier Klassen in die ehemalige landwirtschaftliche Kreisberufsschule einziehen, die 2006 einen gro\u00dfz\u00fcgigen Anbau erhielt. Im Schuljahr 2003\/4 besuchten noch 113 M\u00e4dchen und Jungen aus den Verbandsgemeinden Nast\u00e4tten und Loreley die Ganztagsschule mit ihrem betr\u00e4chtlichen Angebot an Arbeitsgemeinschaften, doch heute sind es nur noch knapp die H\u00e4lfte. Stefanie Grabowski ist stolz darauf, welche berufliche Laufbahn viele ihrer &#8222;Ehemaligen&#8220; geschafft haben. Dank kleiner Klassen k\u00f6nnen sich enge Beziehungen entwickeln. Dass dies keine leere Behauptung ist, zeigten die Lieder und T\u00e4nze der einzelnen Klassen. Die Klasse 2-4 erfreute mit Rolf Zuckowskis starkem Lied &#8222;Das eine Kind ist so, das andre Kind ist so&#8220;, von der Schulleiterin auf die Kinder passend umgetextet. Selbst einstudierte T\u00e4nze konnte die Klasse 7\/8 zum Festakt beitragen, und Klasse 5\/6 brillierte mit einem von ihrer Lehrerin Tanja Brandner-Galluzzi verfassten Rap. In seiner Festansprache \u00fcbermittelte Landrat Frank Puchtler &#8222;einen gro\u00dfen Dank an alle, die hier Verantwortung trugen und tragen&#8220;. Schon der Name der Schule deute an, dass ihre Sch\u00fcler aus einem weiten Einzugsbereich kommen und demn\u00e4chst neue Kameraden aus der aufgel\u00f6sten Schule Altendiez erwarten k\u00f6nnen. Es gelte, die mit der Inklusion gebotene Chance verantwortungsvoll zu nutzen. Ein Miteinander von F\u00f6rderschule und Schwerpunktschulen scheine ihm sinnvoll. Also: &#8222;toi-toi-toi&#8220; f\u00fcr die n\u00e4chsten f\u00fcnfzig Jahre, in einem guten Klima und mit einem engagierten Team. Stadtb\u00fcrgermeister Emil Werner \u00fcberbrachte die Gr\u00fc\u00dfe der B\u00fcrgerschaft und erinnerte an die wechselvolle Schulgeschichte. Die Stadt sei zwar nicht Schultr\u00e4ger, doch immer gern zu helfen bereit. Er begr\u00fc\u00dfte den Kreistagsentscheid zum Erhalt der Taunus-Schule und \u00fcberreichte einen Scheck. F\u00fcr G\u00e4ste, Sch\u00fcler und Eltern gab es anschlie\u00dfend ein abwechslungsreiches Programm im Haus und auf dem Freigel\u00e4nde. Bildergalerien erinnerten an bedeutsame Ereignisse im Schulgeschehen, die Theater-AG f\u00fchrte &#8222;Rumpelstilzchen&#8220; auf, ein Fu\u00dfballfeld lockte zum Bolzen und viel Interesse fand die fahrbare &#8222;Waldschule&#8220; der Landesjagdverband-Kreisgruppe Rhein-Lahn. Auf der H\u00fcpfburg herrschte Hochbetrieb und gern nutzten viele Kinder die Gelegenheit zum Ponyreiten. Nat\u00fcrlich gab es auch Speisen und Getr\u00e4nke bei dieser gelungenen Geburtstagsfeier, zu der die Sch\u00fclerzeitung eine Festschrift als Sonderausgabe herausgegeben hatte. (wo) BUZ: Klasse 5\/6 begeisterte mit &#8222;Rap&#8220;. BUZ: H\u00fcpfburg und Fu\u00dfballfeld waren Attraktionen BUZ: Vielseitig und informativ: die &#8222;Waldschule&#8220; der J\u00e4ger. BUZ: Auf dem Museumsplatz herrschte Hochbetrieb.<br \/>\nWinfried Ott<\/p>\n<p>(Quelle: Blaues L\u00e4nchen vom 17.07.2014)<\/p>\n","protected":false},"excerpt":{"rendered":"<p>1964 richtete der Sonderschullehrer Otto Tresch an der Volksschule Nast\u00e4tten eine Sonderschulklasse ein, und schon 1970 gab es in der Blauf\u00e4rberstadt eine selbst\u00e4ndige &#8222;Sonderschule L&#8220; mit vier Klassen und \u00fcber 60 Sch\u00fclern. Auf 50 ereignisreiche und wechselvolle Jahre kann die &#8222;Taunus-Schule&#8220; nun zur\u00fcckblicken. Zur Geburtstagsfeier begr\u00fc\u00dfte F\u00f6rderschulrektorin Stefanie Grabowski neben Sch\u00fclern, Kollegium und Eltern auch [&hellip;]<\/p>\n","protected":false},"author":1,"featured_media":0,"parent":47,"menu_order":18,"comment_status":"closed","ping_status":"closed","template":"full-width-page.php","meta":{"footnotes":""},"class_list":["post-196","page","type-page","status-publish","hentry"],"_links":{"self":[{"href":"https:\/\/wp.taunus-schule.de\/index.php?rest_route=\/wp\/v2\/pages\/196","targetHints":{"allow":["GET"]}}],"collection":[{"href":"https:\/\/wp.taunus-schule.de\/index.php?rest_route=\/wp\/v2\/pages"}],"about":[{"href":"https:\/\/wp.taunus-schule.de\/index.php?rest_route=\/wp\/v2\/types\/page"}],"author":[{"embeddable":true,"href":"https:\/\/wp.taunus-schule.de\/index.php?rest_route=\/wp\/v2\/users\/1"}],"replies":[{"embeddable":true,"href":"https:\/\/wp.taunus-schule.de\/index.php?rest_route=%2Fwp%2Fv2%2Fcomments&post=196"}],"version-history":[{"count":1,"href":"https:\/\/wp.taunus-schule.de\/index.php?rest_route=\/wp\/v2\/pages\/196\/revisions"}],"predecessor-version":[{"id":198,"href":"https:\/\/wp.taunus-schule.de\/index.php?rest_route=\/wp\/v2\/pages\/196\/revisions\/198"}],"up":[{"embeddable":true,"href":"https:\/\/wp.taunus-schule.de\/index.php?rest_route=\/wp\/v2\/pages\/47"}],"wp:attachment":[{"href":"https:\/\/wp.taunus-schule.de\/index.php?rest_route=%2Fwp%2Fv2%2Fmedia&parent=196"}],"curies":[{"name":"wp","href":"https:\/\/api.w.org\/{rel}","templated":true}]}}