{"id":58,"date":"2014-07-09T08:31:04","date_gmt":"2014-07-09T08:31:04","guid":{"rendered":"http:\/\/wp.taunus-schule.de\/?page_id=58"},"modified":"2014-07-09T08:45:53","modified_gmt":"2014-07-09T08:45:53","slug":"spielevormittag","status":"publish","type":"page","link":"https:\/\/wp.taunus-schule.de\/?page_id=58","title":{"rendered":"Spielevormittag"},"content":{"rendered":"<h1>Spiele-Vormittag stand auf dem Stundenplan<\/h1>\n<h2>Aus grauem Unterrichtsalltag geflohen<\/h2>\n<p>NAST\u00c4TTEN. PC. Endlich einmal eine Schule so, wie sie sich wohl alle Kinder und Jugendlichen w\u00fcnschen: Die &#8222;Taunus-Schule&#8220; startete einen Spiele-Vormittag mit einer bunten Palette toller Spiele anstelle des eher grauen Unterrichtsalltags.<\/p>\n<p>Die Lehrerinnen und Lehrer waren ganz locker. Jeder durfte sich aussuchen, womit man sich besch\u00e4ftigen wollte. Und dies, solange man wollte. Das Angebot war gro\u00df. Langeweile also konnte gar nicht aufkommen. Vom Schminktisch \u00fcber die Mohrenkopfschleuder reichten die Aktionen hin bis zu spannenden Tastk\u00e4sten, Eierlaufen, Tischtennisball-Pusten, Krake-Ballwurf-Spiel, &#8222;Zappelfisch&#8220;, Pfeilwurf, Puzzles und Tischbillard. Nat\u00fcrlich durften auch Tischtennis, Tisch-Minigolf, ein Nagelspiel und selbsterstellte Computerausdrucke nicht fehlen.<\/p>\n<p>Zu den Highlights geh\u00f6rten die Computerspiele. W\u00e4hrend sich die \u00e4lteren Sch\u00fcler an diesen voll begeistern lie\u00dfen, hatten die j\u00fcngeren einen Reisenspa\u00df mit zwei unendlich kinderlieben und geduldigen Gro\u00dfeselsdamen, die eine Lehrerin aus der heimischen M\u00fchle mitgebracht hatte. Die beiden &#8222;Aushilfsp\u00e4dagoginnen&#8220; gewannen auf ihre sanfte Art auch die Herzen der \u00e4ngstlichsten Kinder und lie\u00dfen sich von ihnen den ganzen Vormittag lang geduldig durch einen Parcours f\u00fchren, der sogar ein Labyrinth und eine Wippe mit einschlo\u00df.<\/p>\n<p>Gern lie\u00df sich die Sonne von so fr\u00f6hlichen Kindergesichtern hervorlocken und leistete ihren Beitrag zu einem rundum gelungenen Vormittag.<\/p>\n<p>(Quelle: Rhein-Lahn-Zeitung 19.94.1997)<\/p>\n","protected":false},"excerpt":{"rendered":"<p>Spiele-Vormittag stand auf dem Stundenplan Aus grauem Unterrichtsalltag geflohen NAST\u00c4TTEN. PC. Endlich einmal eine Schule so, wie sie sich wohl alle Kinder und Jugendlichen w\u00fcnschen: Die &#8222;Taunus-Schule&#8220; startete einen Spiele-Vormittag mit einer bunten Palette toller Spiele anstelle des eher grauen Unterrichtsalltags. Die Lehrerinnen und Lehrer waren ganz locker. Jeder durfte sich aussuchen, womit man sich [&hellip;]<\/p>\n","protected":false},"author":1,"featured_media":0,"parent":47,"menu_order":48,"comment_status":"closed","ping_status":"closed","template":"full-width-page.php","meta":{"footnotes":""},"class_list":["post-58","page","type-page","status-publish","hentry"],"_links":{"self":[{"href":"https:\/\/wp.taunus-schule.de\/index.php?rest_route=\/wp\/v2\/pages\/58","targetHints":{"allow":["GET"]}}],"collection":[{"href":"https:\/\/wp.taunus-schule.de\/index.php?rest_route=\/wp\/v2\/pages"}],"about":[{"href":"https:\/\/wp.taunus-schule.de\/index.php?rest_route=\/wp\/v2\/types\/page"}],"author":[{"embeddable":true,"href":"https:\/\/wp.taunus-schule.de\/index.php?rest_route=\/wp\/v2\/users\/1"}],"replies":[{"embeddable":true,"href":"https:\/\/wp.taunus-schule.de\/index.php?rest_route=%2Fwp%2Fv2%2Fcomments&post=58"}],"version-history":[{"count":1,"href":"https:\/\/wp.taunus-schule.de\/index.php?rest_route=\/wp\/v2\/pages\/58\/revisions"}],"predecessor-version":[{"id":59,"href":"https:\/\/wp.taunus-schule.de\/index.php?rest_route=\/wp\/v2\/pages\/58\/revisions\/59"}],"up":[{"embeddable":true,"href":"https:\/\/wp.taunus-schule.de\/index.php?rest_route=\/wp\/v2\/pages\/47"}],"wp:attachment":[{"href":"https:\/\/wp.taunus-schule.de\/index.php?rest_route=%2Fwp%2Fv2%2Fmedia&parent=58"}],"curies":[{"name":"wp","href":"https:\/\/api.w.org\/{rel}","templated":true}]}}