{"id":62,"date":"2014-07-09T08:48:24","date_gmt":"2014-07-09T08:48:24","guid":{"rendered":"http:\/\/wp.taunus-schule.de\/?page_id=62"},"modified":"2014-07-09T08:48:24","modified_gmt":"2014-07-09T08:48:24","slug":"neuer-schulhof","status":"publish","type":"page","link":"https:\/\/wp.taunus-schule.de\/?page_id=62","title":{"rendered":"Neuer Schulhof"},"content":{"rendered":"<h1>Sch\u00fcler durften Wunschliste schreiben<\/h1>\n<h2>Neuer Schulhof an der Taunusschule wird Wirklichkeit<\/h2>\n<p>NAST\u00c4TTEN. RED. Die Sch\u00fcler der Taunus-Schule k\u00f6nnen sich freuen: Sie erhalten endlich einen neuen Schulhof, der ihnen eine sinnvolle Pausengestaltung erm\u00f6glicht. Bereits im Juni 1995 hatte Sonderschulrektor Friedhelm Graef in einem Schreiben an die Kreisverwaltung des Rhein-Lahn-Kreises auf den desolaten Zustand des Schulhofs hingewiesen, der den Sch\u00fclern nur geringe M\u00f6glichkeiten zum Spielen und zur Erholung erlaubt.<\/p>\n<p>Auf Grund der r\u00e4umlichen Enge und der unzureichenden Bewegungsm\u00f6glichkeiten k\u00f6nnen deshalb aggressive Auseinandersetzungen nicht ausbleiben. Es fehlen Sitzgelegenheiten, Tische, Spielfl\u00e4chen, Aktivit\u00e4tszonen, H\u00fcpfk\u00e4sten, Laufbahnen und \u00e4hnliches zur aktiven Pausengestaltung, ebensowenig sind Ruhe- und Erholungsr\u00e4ume vorhanden, in denen die Sch\u00fcler ungest\u00f6rt ihre Pausenbrote und Getr\u00e4nke verzehren k\u00f6nnen.<\/p>\n<p>Das soll nun ganz anders werden. In einem ersten Abschnitt wurde jetzt ein neuer Belag durch die Miehlener Pflaster-Stra\u00dfenbau aufgebracht. Und dabei soll es nicht bleiben. In die weitere Planung wurden die Sch\u00fcler einbezogen, die eine gro\u00dfe Wunschliste erstellten, in der Sandkasten und Rutschbahnen f\u00fcr die Kleinen ebenso auftauchen wie Torwand und Basketballst\u00e4nder f\u00fcr die Gro\u00dfen. Gro\u00dfen Wert legt die Lehrerschaft auch auf eine \u00dcberdachung entlang des Schulgeb\u00e4udes, die es den Sch\u00fclern erm\u00f6glicht, ihre Pausen auch bei schlechten Witterungsverh\u00e4ltnissen in frischer Luft zu verbringen.<\/p>\n<p>Durch die Neugestaltung des Schulhofes mit dem Angebot vielf\u00e4ltiger Besch\u00e4ftigungen, sinnvoller und gruppenf\u00f6rdender Pausenaktivit\u00e4ten und dem Erlernen partnerschaftlichen Verhaltens versprechen sich Lehrer und Eltern eine Reduzierung des Konfliktpotentials und eine bessere Identifikation der Sch\u00fcler mit ihrer Schule. Alle hoffen nun, da\u00df der Kreis als Schultr\u00e4ger seiner Verpflichtung nachkommt, die Fertigstellung des Pausenhofes schnellstens zu realisieren.<\/p>\n<p>(Quelle: Rhein-Lahn-Zeitung 01.10.1997)<\/p>\n","protected":false},"excerpt":{"rendered":"<p>Sch\u00fcler durften Wunschliste schreiben Neuer Schulhof an der Taunusschule wird Wirklichkeit NAST\u00c4TTEN. RED. Die Sch\u00fcler der Taunus-Schule k\u00f6nnen sich freuen: Sie erhalten endlich einen neuen Schulhof, der ihnen eine sinnvolle Pausengestaltung erm\u00f6glicht. Bereits im Juni 1995 hatte Sonderschulrektor Friedhelm Graef in einem Schreiben an die Kreisverwaltung des Rhein-Lahn-Kreises auf den desolaten Zustand des Schulhofs hingewiesen, [&hellip;]<\/p>\n","protected":false},"author":1,"featured_media":0,"parent":47,"menu_order":46,"comment_status":"closed","ping_status":"closed","template":"full-width-page.php","meta":{"footnotes":""},"class_list":["post-62","page","type-page","status-publish","hentry"],"_links":{"self":[{"href":"https:\/\/wp.taunus-schule.de\/index.php?rest_route=\/wp\/v2\/pages\/62","targetHints":{"allow":["GET"]}}],"collection":[{"href":"https:\/\/wp.taunus-schule.de\/index.php?rest_route=\/wp\/v2\/pages"}],"about":[{"href":"https:\/\/wp.taunus-schule.de\/index.php?rest_route=\/wp\/v2\/types\/page"}],"author":[{"embeddable":true,"href":"https:\/\/wp.taunus-schule.de\/index.php?rest_route=\/wp\/v2\/users\/1"}],"replies":[{"embeddable":true,"href":"https:\/\/wp.taunus-schule.de\/index.php?rest_route=%2Fwp%2Fv2%2Fcomments&post=62"}],"version-history":[{"count":1,"href":"https:\/\/wp.taunus-schule.de\/index.php?rest_route=\/wp\/v2\/pages\/62\/revisions"}],"predecessor-version":[{"id":63,"href":"https:\/\/wp.taunus-schule.de\/index.php?rest_route=\/wp\/v2\/pages\/62\/revisions\/63"}],"up":[{"embeddable":true,"href":"https:\/\/wp.taunus-schule.de\/index.php?rest_route=\/wp\/v2\/pages\/47"}],"wp:attachment":[{"href":"https:\/\/wp.taunus-schule.de\/index.php?rest_route=%2Fwp%2Fv2%2Fmedia&parent=62"}],"curies":[{"name":"wp","href":"https:\/\/api.w.org\/{rel}","templated":true}]}}