{"id":64,"date":"2014-07-09T08:49:30","date_gmt":"2014-07-09T08:49:30","guid":{"rendered":"http:\/\/wp.taunus-schule.de\/?page_id=64"},"modified":"2014-07-09T08:49:30","modified_gmt":"2014-07-09T08:49:30","slug":"projektwoche","status":"publish","type":"page","link":"https:\/\/wp.taunus-schule.de\/?page_id=64","title":{"rendered":"Projektwoche"},"content":{"rendered":"<h1>Schulgeb\u00e4ude bildhaft gestaltet<\/h1>\n<h2>Projektwoche der Taunus-Schule<\/h2>\n<p>NAST\u00c4TTEN.<\/p>\n<p>Unterricht einmal anders erleben durften Sch\u00fcler und Lehrer der Taunus-Schule. Sonderschuldirektor Friedhelm Graef bot mit seinem Kollegium eine Projektwoche an, die unter dem Thema &#8222;Bildhafte Gestaltung des inneren Schulgeb\u00e4udes&#8220; stand.<\/p>\n<p>In neun Gruppen konnte man flei\u00dfige Sch\u00fcler beobachten, die mit gro\u00dfer Begeisterung malten, werkten, bastelten, anstrichen, klebten und \u00e4hnliche Arbeiten verrichteten. Die Aktivit\u00e4ten reichten von der Bemalung einer Wand mit Fischen und Pflanzen unter Anleitung von Sonderschullehrer Joachim Wagner und Sonderschullehrerin Sibylle Klamp \u00fcber die Anfertigung von Glasbildern mit Sternzeichen (Sonderschullehrer Jochen Maxeiner, Lehrerin Sylvia Morgenstern), das Herstellen von Mobiles (Sonderschullehrerin Doris D\u00f6rner), M\u00e4rchenmotive auf Spanplatten (Rektor Graef) bis zum &#8222;Bau&#8220; einer Eisenbahn (Sonderschullehrerinnen Tanja Galluzzi und Silvia Schneewei\u00df).<\/p>\n<p>Im Werkraum war Sonderschullehrer Karl-Heinz Pickel f\u00fcr die Zuschneidearbeiten verantwortlich. Wer bei diesem Angebot noch nicht das richtige fand, konnte sich in der K\u00fcche beim Backen bet\u00e4tigen, wo Sonderschullehrerin Claudia Hanf-Effenberger f\u00fcr das leibliche Wohlergehen sorgte. Rektor Graef unterstrich die p\u00e4dagogische Intention des Projektes, n\u00e4mlich den Aspekt des sozialen Lernens. Sch\u00fcler und Lehrer arbeiteten in Projekten zusammen; die T\u00e4tigkeiten zielten auch auf die M\u00f6glichkeit gegenseitiger Kommunikation und Kooperation im gemeinsamen Handeln.<\/p>\n<p>Auch Eltern beteiligten sich aktiv bei der Gestaltung des Projektes &#8211; zwei V\u00e4ter arbeiteten jeden Tag von morgens bis mittags und trugen so zum Gelingen der Vorhaben wesentlich bei.<\/p>\n<p>(Quelle: Rhein-Lahn-Zeitung 13.01.1998)<\/p>\n","protected":false},"excerpt":{"rendered":"<p>Schulgeb\u00e4ude bildhaft gestaltet Projektwoche der Taunus-Schule NAST\u00c4TTEN. Unterricht einmal anders erleben durften Sch\u00fcler und Lehrer der Taunus-Schule. Sonderschuldirektor Friedhelm Graef bot mit seinem Kollegium eine Projektwoche an, die unter dem Thema &#8222;Bildhafte Gestaltung des inneren Schulgeb\u00e4udes&#8220; stand. In neun Gruppen konnte man flei\u00dfige Sch\u00fcler beobachten, die mit gro\u00dfer Begeisterung malten, werkten, bastelten, anstrichen, klebten und [&hellip;]<\/p>\n","protected":false},"author":1,"featured_media":0,"parent":47,"menu_order":45,"comment_status":"closed","ping_status":"closed","template":"full-width-page.php","meta":{"footnotes":""},"class_list":["post-64","page","type-page","status-publish","hentry"],"_links":{"self":[{"href":"https:\/\/wp.taunus-schule.de\/index.php?rest_route=\/wp\/v2\/pages\/64","targetHints":{"allow":["GET"]}}],"collection":[{"href":"https:\/\/wp.taunus-schule.de\/index.php?rest_route=\/wp\/v2\/pages"}],"about":[{"href":"https:\/\/wp.taunus-schule.de\/index.php?rest_route=\/wp\/v2\/types\/page"}],"author":[{"embeddable":true,"href":"https:\/\/wp.taunus-schule.de\/index.php?rest_route=\/wp\/v2\/users\/1"}],"replies":[{"embeddable":true,"href":"https:\/\/wp.taunus-schule.de\/index.php?rest_route=%2Fwp%2Fv2%2Fcomments&post=64"}],"version-history":[{"count":1,"href":"https:\/\/wp.taunus-schule.de\/index.php?rest_route=\/wp\/v2\/pages\/64\/revisions"}],"predecessor-version":[{"id":65,"href":"https:\/\/wp.taunus-schule.de\/index.php?rest_route=\/wp\/v2\/pages\/64\/revisions\/65"}],"up":[{"embeddable":true,"href":"https:\/\/wp.taunus-schule.de\/index.php?rest_route=\/wp\/v2\/pages\/47"}],"wp:attachment":[{"href":"https:\/\/wp.taunus-schule.de\/index.php?rest_route=%2Fwp%2Fv2%2Fmedia&parent=64"}],"curies":[{"name":"wp","href":"https:\/\/api.w.org\/{rel}","templated":true}]}}

<h1>Schulgebäude bildhaft gestaltet</h1>
<h2>Projektwoche der Taunus-Schule</h2>
<p>NASTÄTTEN.</p>
<p>Unterricht einmal anders erleben durften Schüler und Lehrer der Taunus-Schule. Sonderschuldirektor Friedhelm Graef bot mit seinem Kollegium eine Projektwoche an, die unter dem Thema &#8222;Bildhafte Gestaltung des inneren Schulgebäudes&#8220; stand.</p>
<p>In neun Gruppen konnte man fleißige Schüler beobachten, die mit großer Begeisterung malten, werkten, bastelten, anstrichen, klebten und ähnliche Arbeiten verrichteten. Die Aktivitäten reichten von der Bemalung einer Wand mit Fischen und Pflanzen unter Anleitung von Sonderschullehrer Joachim Wagner und Sonderschullehrerin Sibylle Klamp über die Anfertigung von Glasbildern mit Sternzeichen (Sonderschullehrer Jochen Maxeiner, Lehrerin Sylvia Morgenstern), das Herstellen von Mobiles (Sonderschullehrerin Doris Dörner), Märchenmotive auf Spanplatten (Rektor Graef) bis zum &#8222;Bau&#8220; einer Eisenbahn (Sonderschullehrerinnen Tanja Galluzzi und Silvia Schneeweiß).</p>
<p>Im Werkraum war Sonderschullehrer Karl-Heinz Pickel für die Zuschneidearbeiten verantwortlich. Wer bei diesem Angebot noch nicht das richtige fand, konnte sich in der Küche beim Backen betätigen, wo Sonderschullehrerin Claudia Hanf-Effenberger für das leibliche Wohlergehen sorgte. Rektor Graef unterstrich die pädagogische Intention des Projektes, nämlich den Aspekt des sozialen Lernens. Schüler und Lehrer arbeiteten in Projekten zusammen; die Tätigkeiten zielten auch auf die Möglichkeit gegenseitiger Kommunikation und Kooperation im gemeinsamen Handeln.</p>
<p>Auch Eltern beteiligten sich aktiv bei der Gestaltung des Projektes &#8211; zwei Väter arbeiteten jeden Tag von morgens bis mittags und trugen so zum Gelingen der Vorhaben wesentlich bei.</p>
<p>(Quelle: Rhein-Lahn-Zeitung 13.01.1998)</p>

<p>Schulgebäude bildhaft gestaltet Projektwoche der Taunus-Schule NASTÄTTEN. Unterricht einmal anders erleben durften Schüler und Lehrer der Taunus-Schule. Sonderschuldirektor Friedhelm Graef bot mit seinem Kollegium eine Projektwoche an, die unter dem Thema &#8222;Bildhafte Gestaltung des inneren Schulgebäudes&#8220; stand. In neun Gruppen konnte man fleißige Schüler beobachten, die mit großer Begeisterung malten, werkten, bastelten, anstrichen, klebten und [&hellip;]</p>
