{"id":68,"date":"2014-07-09T08:52:03","date_gmt":"2014-07-09T08:52:03","guid":{"rendered":"http:\/\/wp.taunus-schule.de\/?page_id=68"},"modified":"2014-07-09T08:52:03","modified_gmt":"2014-07-09T08:52:03","slug":"taunus-schule-sammelt-fuer-ehemailigen-klassenkameraden-in-bosnien","status":"publish","type":"page","link":"https:\/\/wp.taunus-schule.de\/?page_id=68","title":{"rendered":"Taunus-Schule sammelt f\u00fcr ehemailigen Klassenkameraden in Bosnien"},"content":{"rendered":"<h1>Sch\u00fcler packten f\u00fcr Sladan zehn gro\u00dfe Pakete<\/h1>\n<h3>Taunus-Schule sammelte f\u00fcr ehemaligen Klassenkameraden in Bosnien<\/h3>\n<p>&#8222;Wie kann ich anderen Menschen eine Freude machen?&#8220; Diese Frage stellten sich Sch\u00fclerinnen und Sch\u00fcler der Klasse 7\/8 der Nast\u00e4tter Taunus-Schule. Sie fanden auch schnell Antworten und L\u00f6sungsvorschl\u00e4ge.<\/p>\n<p>NAST\u00c4TTEN. Eine Idee fand besonderen Anklang bei den Sch\u00fclern und schien am ehesten geeignet, in k\u00fcrzester Zeit realisiert zu werden: &#8222;Wir wollen unserem ehemaligen Sch\u00fcler Sladan Stepanovic und seiner Familie helfen, das Weihnachtsfest mit Geschenken und Sachen des t\u00e4glichen Bedarfs zu versch\u00f6nern.&#8220; Eine Spendenaktion lief an der Schule an.<\/p>\n<p>In einer Klassenelternversammlung wurde das Projekt er\u00f6rtert und fand rasch lebhafte Zustimmung aller. In einem Elternbrief wurde das Vorhaben bekanntgegeben und auf die besondere Situation von Sladan und seiner Familie hingewiesen. Der Junge war als Fl\u00fcchtling sechs Jahre in Deutschland und konnte so dem B\u00fcrgerkrieg in Bosnien\/Jugoslawien entgehen. Jetzt mu\u00dfte er wieder zur\u00fcck in seine ehemalige Heimat, die ihm fremd geworden ist und die noch immer unter den Folgen des Krieges zu leiden hat.<\/p>\n<p>Die Sammelaktion \u00fcbertraf alle Erwartungen: Sch\u00fcler, Eltern und Lehrer hatten flei\u00dfig gespendet, so da\u00df schlie\u00dflich zehn gro\u00dfe Pakete gepackt werden konnten, die mit Lebensmitteln, aber auch mit S\u00fc\u00dfigkeiten, Weihnachtsgeb\u00e4ck und Schokolade reichlich gef\u00fcllt waren. Die Kleiderkammer der evangelischen Kirchengemeinde hatte noch zwei gro\u00dfe S\u00e4cke mit Kleidung zur Verf\u00fcgung gestellt, die ebenfalls in die Spendensammlung einbezogen wurden.<\/p>\n<p>Gro\u00dfe Augen machte Sladans Vater, der zur Zeit bei Verwandten untergebracht ist, als er von Rektor Friedhelm Graef und drei Sch\u00fclern der Taunus-Schule aufgesucht wurde, die ihm die Geschenke \u00fcberbrachten.<\/p>\n<p>&#8222;Meine Familie darf nicht mehr nach Deutschland zur\u00fcckkommen, und auch ich mu\u00df nach Ablauf des Visums wieder nach Bosnien zur\u00fcckkehren. Die Pakete und die Kleidung werden meiner Familie und meinen Bekannten viel Freude bereiten, und daf\u00fcr sage ich allen herzlichen Dank&#8220;, sagte Sladans Vater ger\u00fchrt beim Abschied. Er nahm einen Brief an Sladan von Sch\u00fclerin Tanja Kadletz mit den Unterschriften aller Spender mit.<\/p>\n<p>(Quelle: Rhein-Lahn-Zeitung 07.01.1999)<\/p>\n","protected":false},"excerpt":{"rendered":"<p>Sch\u00fcler packten f\u00fcr Sladan zehn gro\u00dfe Pakete Taunus-Schule sammelte f\u00fcr ehemaligen Klassenkameraden in Bosnien &#8222;Wie kann ich anderen Menschen eine Freude machen?&#8220; Diese Frage stellten sich Sch\u00fclerinnen und Sch\u00fcler der Klasse 7\/8 der Nast\u00e4tter Taunus-Schule. Sie fanden auch schnell Antworten und L\u00f6sungsvorschl\u00e4ge. NAST\u00c4TTEN. Eine Idee fand besonderen Anklang bei den Sch\u00fclern und schien am ehesten [&hellip;]<\/p>\n","protected":false},"author":1,"featured_media":0,"parent":47,"menu_order":43,"comment_status":"closed","ping_status":"closed","template":"full-width-page.php","meta":{"footnotes":""},"class_list":["post-68","page","type-page","status-publish","hentry"],"_links":{"self":[{"href":"https:\/\/wp.taunus-schule.de\/index.php?rest_route=\/wp\/v2\/pages\/68","targetHints":{"allow":["GET"]}}],"collection":[{"href":"https:\/\/wp.taunus-schule.de\/index.php?rest_route=\/wp\/v2\/pages"}],"about":[{"href":"https:\/\/wp.taunus-schule.de\/index.php?rest_route=\/wp\/v2\/types\/page"}],"author":[{"embeddable":true,"href":"https:\/\/wp.taunus-schule.de\/index.php?rest_route=\/wp\/v2\/users\/1"}],"replies":[{"embeddable":true,"href":"https:\/\/wp.taunus-schule.de\/index.php?rest_route=%2Fwp%2Fv2%2Fcomments&post=68"}],"version-history":[{"count":1,"href":"https:\/\/wp.taunus-schule.de\/index.php?rest_route=\/wp\/v2\/pages\/68\/revisions"}],"predecessor-version":[{"id":69,"href":"https:\/\/wp.taunus-schule.de\/index.php?rest_route=\/wp\/v2\/pages\/68\/revisions\/69"}],"up":[{"embeddable":true,"href":"https:\/\/wp.taunus-schule.de\/index.php?rest_route=\/wp\/v2\/pages\/47"}],"wp:attachment":[{"href":"https:\/\/wp.taunus-schule.de\/index.php?rest_route=%2Fwp%2Fv2%2Fmedia&parent=68"}],"curies":[{"name":"wp","href":"https:\/\/api.w.org\/{rel}","templated":true}]}}