{"id":75,"date":"2014-07-09T09:02:23","date_gmt":"2014-07-09T09:02:23","guid":{"rendered":"http:\/\/wp.taunus-schule.de\/?page_id=75"},"modified":"2014-07-09T11:52:26","modified_gmt":"2014-07-09T11:52:26","slug":"probleme-der-schueler-werden-besprochen","status":"publish","type":"page","link":"https:\/\/wp.taunus-schule.de\/?page_id=75","title":{"rendered":"Probleme der Sch\u00fcler werden besprochen"},"content":{"rendered":"<p><a href=\"https:\/\/wp.taunus-schule.de\/wp-content\/uploads\/2014\/07\/Probleme_der_Schueler_werden_besprochen.jpg\"><img loading=\"lazy\" decoding=\"async\" class=\"aligncenter size-full wp-image-76\" src=\"https:\/\/wp.taunus-schule.de\/wp-content\/uploads\/2014\/07\/Probleme_der_Schueler_werden_besprochen.jpg\" alt=\"Probleme_der_Schueler_werden_besprochen\" width=\"1000\" height=\"599\" srcset=\"https:\/\/wp.taunus-schule.de\/wp-content\/uploads\/2014\/07\/Probleme_der_Schueler_werden_besprochen.jpg 1000w, https:\/\/wp.taunus-schule.de\/wp-content\/uploads\/2014\/07\/Probleme_der_Schueler_werden_besprochen-300x179.jpg 300w, https:\/\/wp.taunus-schule.de\/wp-content\/uploads\/2014\/07\/Probleme_der_Schueler_werden_besprochen-100x59.jpg 100w, https:\/\/wp.taunus-schule.de\/wp-content\/uploads\/2014\/07\/Probleme_der_Schueler_werden_besprochen-150x89.jpg 150w, https:\/\/wp.taunus-schule.de\/wp-content\/uploads\/2014\/07\/Probleme_der_Schueler_werden_besprochen-200x119.jpg 200w, https:\/\/wp.taunus-schule.de\/wp-content\/uploads\/2014\/07\/Probleme_der_Schueler_werden_besprochen-450x269.jpg 450w, https:\/\/wp.taunus-schule.de\/wp-content\/uploads\/2014\/07\/Probleme_der_Schueler_werden_besprochen-600x359.jpg 600w, https:\/\/wp.taunus-schule.de\/wp-content\/uploads\/2014\/07\/Probleme_der_Schueler_werden_besprochen-900x539.jpg 900w\" sizes=\"auto, (max-width: 1000px) 100vw, 1000px\" \/><\/a><\/p>\n<p><strong>Probleme der Sch\u00fcler werden besprochen<\/strong><\/p>\n<p>Disziplinarausschuss will in der Taunus-Schule Streit zwischen den Jugendlichen vermeiden<\/p>\n<p>NAST\u00c4TTEN. Beschimpfungen, Rangeleien, Bedrohungen, Pr\u00fcgeleien &#8211; wie an allen Schulen Deutschlands hat die Gewalt auch an der Taunus- Schule zugenommen. Die Sch\u00fcler und Lehrer wollten das nicht mehr einfach so hinnehmen. Deshalb haben sie gemeinsam einen Disziplinarausschuss eingerichtet.<\/p>\n<p>Zwei Lehrer haben sich zu Streitschlichtern ausbilden lassen und anschlie\u00dfend mit den Klassensprechern der Schule einen Ma\u00dfnahmenkatalog erstellt, der sp\u00e4ter mit allen Sch\u00fclern in den Klassen besprochen und nach einigen \u00c4nderungen in der jetzigen Form angenommen worden ist. Im Ma\u00dfnahmenkatalog sind f\u00fcr bestimmte Vergehen Strafen festgelegt. Jeder Sch\u00fcler oder Lehrer kann einen Disziplinarausschuss beantragen. Daraufhin wird ein Termin festgelegt. An der Versammlung nehmen dann alle Klassensprecher beziehungsweise ihre Vertreter, der Vertrauenslehrer, die Betroffenen und deren Klassenlehrer so wie die Streitschlichter teil. Die Streitschlichter leiten auch das Gespr\u00e4ch.<\/p>\n<p>Die Versammlung h\u00f6rt zun\u00e4chst beide Seiten an, dann kann jeder andere Teilnehmer seine Meinung dazu sagen, um eine gute und gerechte L\u00f6sung zu finden. Das besondere am Disziplinarausschuss ist, dass nicht nur die Lehrer Strafen verh\u00e4ngen sondern auch die Sch\u00fcler! Die Lehrer beraten nur, wenn die Sch\u00fcler nicht weiterkommen.<\/p>\n<p>W\u00e4hrend jeder Sitzung wird ein Protokoll gef\u00fchrt und der Schiedsspruch festgehalten. Durch den gemeinsam erarbeiteten Ma\u00dfnahmenkatalog akzeptieren die betroffenen Sch\u00fcler den Schiedsspruch eher und sehen die eigenen Fehler leichter ein. F\u00fcr die Beschuldigten ist es meist viel unangenehmer von den Mitsch\u00fclern zurechtgewiesen zu werden als von Lehrern.<\/p>\n<p>Bei schweren Verst\u00f6\u00dfen gegen die Schulordnung bekommen die Eltern der betroffenen Sch\u00fcler ein Protokoll der Disziplinarausschusssitzung zugeschickt und manchmal werden weitere Ma\u00dfnahmen eingeleitet. Seit wir den Disziplinarausschuss haben, ist es an unserer Schule wieder friedlicher geworden, weil alle Sch\u00fcler mithelfen, dass Konflikte schnell beigelegt werden.<strong><br \/>\nKlasse 9\u00a0a der Taunusschule Nast\u00e4tten<\/strong><\/p>\n<p>&nbsp;<\/p>\n<p><strong>Zwei Drittel haben ein Handy<\/strong><\/p>\n<p>In Klassen die Handhabung erfragt &#8211; Meist SMS, um Kosten zu sparen<\/p>\n<p>NAST\u00c4TTEN. Die Klasse 9\u00a0b untersuchte im Rahmen des Medienprojekts unserer Zeitung, wie viele Sch\u00fclerinnen und Sch\u00fcler ein Handy besitzen, befragt wurden die Klassen f\u00fcnf bis neun.<\/p>\n<p>Die Klasse 9\u00a0b der Taunus- Schule erarbeitete einen Fragebogen, der an die Klassen verteilt wurde, insgesamt nahmen 77 Sch\u00fcler an der Umfrage teil. Von den 77 Jugendlichen haben 49 ein Handy, dies entspricht 64 Prozent. 28 haben kein Handy (36 Prozent). Von 48 Jungen haben 29, von 29 M\u00e4dchen haben 20 ein eigenes Mobiltelefon.<\/p>\n<p>Im Durchschnitt geben die Sch\u00fclerinnen und Sch\u00fcler mit Handy zwischen 15 und 30 Euro pro Monat f\u00fcr ihr Handy aus. Fast alle Befragten gaben an, dass sie ihre Handykosten zum gr\u00f6\u00dften Teil selbst bezahlen, nur ein geringer Teil bekommt die Kosten von den Eltern erstattet.<\/p>\n<p>Warum hat man ein Handy? Auf diese Frage gaben die meisten Sch\u00fcler an, immer erreichbar sein zu wollen und es in Notf\u00e4llen nutzen zu k\u00f6nnen. Einige nutzen das Handy, um telefonieren zu k\u00f6nnen, ohne dass die Eltern es mitbekommen. Im Durchschnitt werden mehr SMS verschickt als telefoniert &#8211; vor allem um Kosten zu sparen. 53 Prozent der Sch\u00fcler bevorzugen keine bestimmte Handymarke.<strong><br \/>\nKlasse 9\u00a0b der Taunus-Schule Nast\u00e4tten<\/strong><\/p>\n<p>(Quelle: Rhein-Lahn-Zeitung 04.04.2003)<\/p>\n","protected":false},"excerpt":{"rendered":"<p>Probleme der Sch\u00fcler werden besprochen Disziplinarausschuss will in der Taunus-Schule Streit zwischen den Jugendlichen vermeiden NAST\u00c4TTEN. Beschimpfungen, Rangeleien, Bedrohungen, Pr\u00fcgeleien &#8211; wie an allen Schulen Deutschlands hat die Gewalt auch an der Taunus- Schule zugenommen. Die Sch\u00fcler und Lehrer wollten das nicht mehr einfach so hinnehmen. Deshalb haben sie gemeinsam einen Disziplinarausschuss eingerichtet. Zwei Lehrer [&hellip;]<\/p>\n","protected":false},"author":1,"featured_media":0,"parent":47,"menu_order":40,"comment_status":"closed","ping_status":"closed","template":"full-width-page.php","meta":{"footnotes":""},"class_list":["post-75","page","type-page","status-publish","hentry"],"_links":{"self":[{"href":"https:\/\/wp.taunus-schule.de\/index.php?rest_route=\/wp\/v2\/pages\/75","targetHints":{"allow":["GET"]}}],"collection":[{"href":"https:\/\/wp.taunus-schule.de\/index.php?rest_route=\/wp\/v2\/pages"}],"about":[{"href":"https:\/\/wp.taunus-schule.de\/index.php?rest_route=\/wp\/v2\/types\/page"}],"author":[{"embeddable":true,"href":"https:\/\/wp.taunus-schule.de\/index.php?rest_route=\/wp\/v2\/users\/1"}],"replies":[{"embeddable":true,"href":"https:\/\/wp.taunus-schule.de\/index.php?rest_route=%2Fwp%2Fv2%2Fcomments&post=75"}],"version-history":[{"count":1,"href":"https:\/\/wp.taunus-schule.de\/index.php?rest_route=\/wp\/v2\/pages\/75\/revisions"}],"predecessor-version":[{"id":77,"href":"https:\/\/wp.taunus-schule.de\/index.php?rest_route=\/wp\/v2\/pages\/75\/revisions\/77"}],"up":[{"embeddable":true,"href":"https:\/\/wp.taunus-schule.de\/index.php?rest_route=\/wp\/v2\/pages\/47"}],"wp:attachment":[{"href":"https:\/\/wp.taunus-schule.de\/index.php?rest_route=%2Fwp%2Fv2%2Fmedia&parent=75"}],"curies":[{"name":"wp","href":"https:\/\/api.w.org\/{rel}","templated":true}]}}