{"id":90,"date":"2014-07-09T13:41:31","date_gmt":"2014-07-09T13:41:31","guid":{"rendered":"http:\/\/wp.taunus-schule.de\/?page_id=90"},"modified":"2014-07-09T18:56:19","modified_gmt":"2014-07-09T18:56:19","slug":"adventsfeier-der-klasse-1-3","status":"publish","type":"page","link":"https:\/\/wp.taunus-schule.de\/?page_id=90","title":{"rendered":"Adventsfeier der Klasse 1-3"},"content":{"rendered":"<p><a href=\"https:\/\/wp.taunus-schule.de\/wp-content\/uploads\/2014\/07\/Adventsfeier_der_Klasse_1-3.jpg\"><img loading=\"lazy\" decoding=\"async\" class=\"alignleft size-full wp-image-91\" src=\"https:\/\/wp.taunus-schule.de\/wp-content\/uploads\/2014\/07\/Adventsfeier_der_Klasse_1-3.jpg\" alt=\"Adventsfeier_der_Klasse_1-3\" width=\"300\" height=\"225\" srcset=\"https:\/\/wp.taunus-schule.de\/wp-content\/uploads\/2014\/07\/Adventsfeier_der_Klasse_1-3.jpg 300w, https:\/\/wp.taunus-schule.de\/wp-content\/uploads\/2014\/07\/Adventsfeier_der_Klasse_1-3-100x75.jpg 100w, https:\/\/wp.taunus-schule.de\/wp-content\/uploads\/2014\/07\/Adventsfeier_der_Klasse_1-3-150x112.jpg 150w, https:\/\/wp.taunus-schule.de\/wp-content\/uploads\/2014\/07\/Adventsfeier_der_Klasse_1-3-200x150.jpg 200w\" sizes=\"auto, (max-width: 300px) 100vw, 300px\" \/><\/a><\/p>\n<p>&nbsp;<\/p>\n<p>&nbsp;<\/p>\n<p>&nbsp;<\/p>\n<p>&nbsp;<\/p>\n<p>&nbsp;<\/p>\n<p>&nbsp;<\/p>\n<p>&nbsp;<\/p>\n<p class=\"bodytext\">Was ist Advent? Was macht man im Advent? Was wird da gefeiert? Diese Fragen galt es im Unterricht der Klasse 1-3 zu erforschen. Bereits seit Beginn der Adventszeit wurde gebastelt, gesungen, Gedichte gelernt und bei Kerzenschein und Tee Weihnachtsgeschichten erz\u00e4hlt. Am 6. Dezember besuchte der Nikolaus die Klasse und brachte jedem Kind ein Geschenk mit. Als Abschluss wurde ein Adventskaffee geplant, zu dem alle Eltern, Gro\u00dfeltern, Tanten und Onkel eingeladen wurden. Am Tag zuvor wurde eifrig Stollen, Lebkuchen und Pl\u00e4tzchen gebacken. Zudem wurde die Klasse weihnachtlich dekoriert und die Tische h\u00fcbsch eingedeckt.<\/p>\n<p class=\"bodytext\">Aber nicht nur f\u00fcr das leibliche Wohl der zahlreichen G\u00e4ste war bestens gesorgt, sondern auch ein vielseitiges Unterhaltungsprogramm wurde geboten. So sangen die Kinder zusammen &#8222;In der Weihnachtsb\u00e4ckerei&#8220; und &#8222;Rudolph das Rentier&#8220;, dazu gesellten sich einzelne Gedichtsvortr\u00e4ge von Justin Ludwig, Angie Wende, Dilek Kaya und Lukas Trock. Die Ganztagskinder sangen das Lied &#8222;Feliz Navidad&#8220;, welches innerhalb der Lernzeit im Ganztagsbetrieb einge\u00fcbt wurde. Alles in Allem wurde die Arbeit der Lehrerinnen Frau Selle (Klassenleiterin) und Frau Franz von allen Beteiligten sehr gelobt.<\/p>\n<p class=\"bodytext\">(Quelle: Blaues L\u00e4ndchen aktuell vom 20.01.2008)<\/p>\n","protected":false},"excerpt":{"rendered":"<p>&nbsp; &nbsp; &nbsp; &nbsp; &nbsp; &nbsp; &nbsp; Was ist Advent? Was macht man im Advent? Was wird da gefeiert? Diese Fragen galt es im Unterricht der Klasse 1-3 zu erforschen. Bereits seit Beginn der Adventszeit wurde gebastelt, gesungen, Gedichte gelernt und bei Kerzenschein und Tee Weihnachtsgeschichten erz\u00e4hlt. Am 6. Dezember besuchte der Nikolaus die Klasse [&hellip;]<\/p>\n","protected":false},"author":1,"featured_media":0,"parent":47,"menu_order":36,"comment_status":"closed","ping_status":"closed","template":"full-width-page.php","meta":{"footnotes":""},"class_list":["post-90","page","type-page","status-publish","hentry"],"_links":{"self":[{"href":"https:\/\/wp.taunus-schule.de\/index.php?rest_route=\/wp\/v2\/pages\/90","targetHints":{"allow":["GET"]}}],"collection":[{"href":"https:\/\/wp.taunus-schule.de\/index.php?rest_route=\/wp\/v2\/pages"}],"about":[{"href":"https:\/\/wp.taunus-schule.de\/index.php?rest_route=\/wp\/v2\/types\/page"}],"author":[{"embeddable":true,"href":"https:\/\/wp.taunus-schule.de\/index.php?rest_route=\/wp\/v2\/users\/1"}],"replies":[{"embeddable":true,"href":"https:\/\/wp.taunus-schule.de\/index.php?rest_route=%2Fwp%2Fv2%2Fcomments&post=90"}],"version-history":[{"count":1,"href":"https:\/\/wp.taunus-schule.de\/index.php?rest_route=\/wp\/v2\/pages\/90\/revisions"}],"predecessor-version":[{"id":92,"href":"https:\/\/wp.taunus-schule.de\/index.php?rest_route=\/wp\/v2\/pages\/90\/revisions\/92"}],"up":[{"embeddable":true,"href":"https:\/\/wp.taunus-schule.de\/index.php?rest_route=\/wp\/v2\/pages\/47"}],"wp:attachment":[{"href":"https:\/\/wp.taunus-schule.de\/index.php?rest_route=%2Fwp%2Fv2%2Fmedia&parent=90"}],"curies":[{"name":"wp","href":"https:\/\/api.w.org\/{rel}","templated":true}]}}